e 15 = 5*z, -z = -2*v - 0*z + 157. Calculate the highest common factor of v and b.
16
Let w = 11 + 0. Let i = 104 - 7. Suppose 4*b = 123 + i. What is the highest common factor of w and b?
11
Suppose 0 = -63*j + 46*j + 765. What is the greatest common divisor of j and 72?
9
Let a = -491 - -731. Calculate the highest common factor of 15 and a.
15
Suppose f - 6*f = 5. Let b be (1/f)/1*-3. Suppose -l - b*l = -80. What is the highest common factor of 30 and l?
10
Suppose 7*h - 268 + 191 = 0. What is the greatest common divisor of 473 and h?
11
Let r(n) = 4*n**2 - 2*n + 2. Let g be r(1). Suppose 3*c - 174 = -3*s, g*c - 5*c = -2*s - 49. Calculate the highest common divisor of c and 5.
5
Let p be 3*1*5/3. Let u be (18/4)/((-10)/20). Let m = p - u. Calculate the highest common divisor of 21 and m.
7
Suppose -39 = -9*o - 12. Suppose -z - 5*b = 13, 11 = z - o*b - 0*b. Calculate the highest common divisor of 3 and z.
1
Let u(j) = j**3 - 2*j**2 + 2*j + 10. Let f be u(0). Let a(g) = -g**2 + 16*g. Let c be a(f). Calculate the highest common factor of 30 and c.
30
Suppose -4*p = -5*v + 33, -v + 6*p = 2*p + 3. Suppose -t = 1 - v. What is the greatest common factor of t and 2?
2
Suppose 0 = 12*b - 3*b - 1485. Calculate the highest common factor of b and 33.
33
Suppose -3*n = 4*x + 11 - 503, 5*n - x - 797 = 0. Let j = -8 - -10. Let s be -3 + (-23)/(-3 + j). Calculate the highest common divisor of n and s.
20
Let b(f) = f**3 - 9*f**2 + f + 5. Let a = -14 + 23. Let j be b(a). Let h be (-2 - 5)*2/(-2). What is the greatest common factor of h and j?
7
Let b be ((-2)/6)/((-3)/9). Let p be -5*9/(-3)*b. Suppose -15 = -3*n - q, q - 4 - p = -4*n. What is the greatest common factor of n and 28?
4
Let q be (0/4 - -1) + 32. Suppose -q = -x + 3. What is the highest common factor of x and 288?
36
Let a(m) = -2 + 49*m + m**3 - 10*m**2 + 40*m - m**2 - 82*m. Let r be a(11). What is the greatest common divisor of 3 and r?
3
Suppose 6*u + 26 - 140 = 0. Let s = -5 + 10. Suppose 3*t - u = -s*i, t + 3*i - 6 + 1 = 0. What is the highest common divisor of 20 and t?
4
Let i = -41 + 43. Suppose i*b - 3*x = 26 + 43, -44 = -2*b - 2*x. What is the highest common divisor of b and 243?
27
Suppose 35*r = 18*r + 918. Calculate the highest common divisor of 1161 and r.
27
Let w = -5 - -17. What is the highest common divisor of 936 and w?
12
Let i(l) = -l. Let x be i(-4). Suppose -x*b + 11 = -85. Calculate the greatest common factor of 16 and b.
8
Let a = -423 - -462. What is the highest common divisor of a and 312?
39
Suppose 2*u + 10 = 0, 0 = -j + u - 4*u - 4. Suppose -3*v + a - j = 2*v, 5*a = -4*v - 3. Let b be v/12*-20*24. What is the highest common factor of b and 32?
16
Let o = 24 + 61. Let p = 121 - 70. What is the greatest common divisor of p and o?
17
Let c = 374 - -18. What is the highest common factor of 147 and c?
49
Suppose -1518 = -22*a + 1144. Calculate the greatest common factor of a and 66.
11
Let n(x) = -x**3 - 8*x**2 - 9*x - 10. Let u be n(-7). Let a = -91 + 135. Calculate the highest common divisor of a and u.
4
Let f = 111 - 158. Let q = -34 - f. Calculate the highest common divisor of 13 and q.
13
Suppose -2*r = -7 - 1. Suppose -32 = -4*m - 0*m - r*h, 0 = -3*h + 9. Suppose -m*i = -624 - 376. What is the highest common factor of i and 25?
25
Let i(j) = 6*j + 8. Let b(d) = -d**2 + 18*d + 8. Let x be b(18). Let m be i(x). Calculate the highest common divisor of m and 14.
14
Let b = -106 - -229. Suppose l + 25 = n - 45, -5*n + 128 = -2*l. Let o = b + l. Calculate the greatest common factor of 7 and o.
7
Suppose 0 = -3*n - 3*q + 81, 3*n - q - 87 = -2*q. Let o be (-3)/5 - (-108)/n. What is the greatest common factor of o and 3?
3
Let r(a) = -a**2 - 9*a + 36. Let d be r(-7). Calculate the highest common factor of d and 225.
25
Let y(z) = z**2 - 78. Let t be y(15). What is the greatest common divisor of 21 and t?
21
Let y(m) = -m**3 - 58*m**2 - m + 134. Let v be y(-58). What is the greatest common divisor of 336 and v?
48
Let x be (-1 - (-141)/3)*(4 + 0). Calculate the highest common factor of 322 and x.
46
Let n = -701 + 703. Calculate the highest common factor of n and 22.
2
Suppose -2*q = -5*a + 85, a + 64 = -3*q - 89. Let w = q + 92. Calculate the highest common divisor of w and 12.
6
Let x(r) = 69*r**2 - 3*r + 2. Let c(a) = a**2 - 10*a + 10. Let u be c(9). Let p be x(u). What is the highest common divisor of p and 17?
17
Suppose 6*b = m + 3*b - 158, 0 = -5*m + 3*b + 778. What is the greatest common divisor of m and 62?
31
Let i(p) = p**2 + p - 2. Let o be i(-4). Let q = o + 11. What is the greatest common factor of q and 84?
21
Suppose 0 = -5*k - 2*v + 39, -2*v + 19 + 11 = 4*k. Suppose -2*u = -5*r + 704, k = -5*u - 1. What is the greatest common factor of 28 and r?
28
Let b be -16*(1*-9 - (0 + -5)). Calculate the greatest common divisor of 36 and b.
4
Let v = -393 + 465. What is the highest common divisor of 56 and v?
8
Let b be -9*(-12)/(-216)*-28. What is the greatest common factor of b and 1862?
14
Let q be (3030/(-8))/(-1) + (-3)/4. Calculate the greatest common factor of 14 and q.
14
Let h(j) = j**3 - 6*j**2 + 7*j + 3. Let z be h(6). Suppose -5*s + 905 = 4*r, 2*r + 4*s - 454 = -0*r. Calculate the highest common factor of r and z.
45
Let q = 147 + -145. What is the highest common factor of q and 10?
2
Let d(h) = -2*h**2 - 3*h - 3. Let x be d(-2). Let n(f) = -4*f - 1 + 5*f - 3*f. Let q be n(x). What is the highest common factor of 45 and q?
9
Let v = -113 - -230. Suppose 56 + 48 = 8*w. Calculate the greatest common factor of v and w.
13
Suppose x - 26 = -3*f, f - 15 + 3 = 3*x. Let o = f - -9. Calculate the greatest common factor of 108 and o.
18
Let t(d) = -d**3 + 16*d**2 + 15*d + 37. Let n be t(17). Calculate the highest common factor of n and 33.
3
Let u(c) = c**2 + 2. Let p be u(0). Suppose 6 = -3*a - 4*s + 116, -160 = -5*a - p*s. Let g = 67 + -57. Calculate the highest common factor of a and g.
10
Suppose 2*o - 14 = -6. Let s = -2 - -5. Let z be s/12 + 71/o. What is the highest common divisor of z and 9?
9
Suppose 4*c = -28 + 424. Let x = -436 + 445. What is the greatest common factor of c and x?
9
Let h(p) = p**3 + p**2 - 8*p + 6. Let n be -3 + -1 - 17/(-17). Let g be h(n). What is the greatest common divisor of 132 and g?
12
Let o = -374 - -377. Let p = 8 - 6. Let c(d) = 2*d**3 - 3*d**2 + 4*d - 3. Let z be c(p). What is the highest common divisor of o and z?
3
Let a = 66 + -74. Let m = 16 - a. What is the highest common factor of 18 and m?
6
Let o be ((-60)/21)/((-43)/28 - (-50)/40). Let d(n) = -90*n**3 - n**2 - n. Let q be d(-1). Calculate the greatest common factor of q and o.
10
Suppose 0 = 4*o - r - 9, 0*o + r + 3 = -2*o. Suppose -j - b = -13, -j - o = -4*b + 1. What is the greatest common divisor of j and 40?
10
Let f = -2 + -5. Let b be (39/(-6) - f) + 50/4. What is the highest common factor of b and 117?
13
Let o be 72 - (6*(-30)/18 - -4). Let n(a) = a**3 - 11*a**2 + 12*a - 15. Let m be n(11). What is the highest common factor of m and o?
39
Let l(r) = -191*r - 9. Let a be l(-1). Calculate the greatest common divisor of a and 26.
26
Let y be 65268/54 - ((-8)/6)/4. Calculate the greatest common factor of y and 39.
39
Let a(f) = 4*f - 6. Let o(s) = 2*s - 31. Let p be o(17). Let w be a(p). Calculate the greatest common divisor of 66 and w.
6
Let f be (-3)/24 + (-2037)/24. Let y = -79 - f. What is the greatest common factor of y and 42?
6
Let y(p) = -p**2 + 4*p + 2. Let r be y(5). Let b(w) = 6*w - 2. Let s be b(r). Let f = s + 28. Calculate the highest common factor of f and 4.
4
Let j = -78 + 173. Let l = j + -62. Calculate the highest common factor of 99 and l.
33
Let k = -5 - -14. Suppose -307 = -4*f - 2*b + 25, 4*f - 3*b = 312. Calculate the highest common factor of k and f.
9
Suppose -3*g = 10*z - 8*z - 27, -10 = 2*g. Calculate the highest common factor of z and 35.
7
Let q(z) = -1. Let c(x) = 8*x**2 - 5*x - 13. Let n(p) = c(p) - 6*q(p). Let t be n(3). What is the highest common factor of 10 and t?
10
Suppose 5*i + 23 = -2, i + 44 = q. Let j = -366 - -795. What is the highest common divisor of q and j?
39
Suppose -59 - 108 = -m + 2*d, -865 = -5*m - 5*d. What is the highest common divisor of 152 and m?
19
Let d(v) = 3*v**3 + 15*v**2 - 33*v + 2. Let i be d(2